29. Calculate j(-18).
-49
Let x(g) = 44*g - 254. Give x(14).
362
Let i(u) = -256*u - 2575. Calculate i(-10).
-15
Let u(r) = 304*r + 7327. What is u(-24)?
31
Let n(v) = 4*v**3 - 159*v**2 - 41*v - 97. Determine n(40).
-137
Let n(r) = -3*r**2 - 51*r - 2. Determine n(-17).
-2
Let z(c) = -53*c + 114. Give z(1).
61
Let n(k) = -233*k - 7454. Determine n(-32).
2
Let l(d) = -3*d**3 - 12*d**2 + 31*d - 8. Give l(4).
-268
Let h(t) = -3*t**3 + 25*t**2 - 24*t - 149. Give h(6).
-41
Let x(c) = -2075*c - 255231. Give x(-123).
-6
Let y(p) = 2*p**3 + 15*p**2 - 177*p - 1350. Give y(-9).
0
Let z(c) = -45*c**2 - 5*c - 5. What is z(-1)?
-45
Let t(s) = -13*s**3 + 74*s**2 + 4*s + 5. Determine t(6).
-115
Let w(p) = -p**3 + 12*p**2 + 41*p + 43. Determine w(15).
-17
Let t(m) = 35*m + 9. Give t(-1).
-26
Let o(m) = -3*m**2 - 963*m + 5806. Calculate o(6).
-80
Let m(i) = -3*i**3 - 5*i**2 + 37*i + 97. What is m(-3)?
22
Let g(y) = -5*y**2 + 108*y - 33. What is g(21)?
30
Let z(p) = -7332*p - 43994. Determine z(-6).
-2
Let p(y) = 237*y + 5445. What is p(-23)?
-6
Let h(j) = j**3 - 12*j**2 - 42*j - 182. Determine h(15).
-137
Let h(l) = -7*l**2 + 85*l + 522. Calculate h(17).
-56
Let j(w) = w**3 - 4*w**2 + 1204*w - 4811. What is j(4)?
5
Let o(u) = -12637*u + 37917. Determine o(3).
6
Let w(f) = -f**3 - 43*f**2 - 135*f - 3934. Calculate w(-42).
-28
Let v(n) = 2*n**2 + 10*n + 1. Determine v(-10).
101
Let t(c) = -113*c - 329. What is t(-3)?
10
Let u(k) = 922*k + 12902. What is u(-14)?
-6
Let u(s) = 17*s**2 - 1583*s + 189. Calculate u(93).
3
Let u(m) = -74*m + 141. Give u(4).
-155
Let u(v) = v**3 - 48*v**2 - 376*v - 498. Determine u(55).
-3
Let d(p) = 10*p**3 + 2*p**2 - 9*p - 9. Determine d(-1).
-8
Let b(y) = -5575*y + 50178. Give b(9).
3
Let n(s) = -s**3 - 6*s**2 + 12*s + 44. Give n(-6).
-28
Let i(x) = 8*x**3 + 263*x**2 - 33*x - 2. Calculate i(-33).
-2
Let v(a) = a**3 + 12*a**2 - 16*a - 42. Determine v(-13).
-3
Let p(k) = -4*k**2 + 88*k - 338. Give p(17).
2
Let q(s) = 58*s**2 - 37*s + 72. What is q(2)?
230
Let p(u) = -u**2 + 31*u + 31. Calculate p(-5).
-149
Let l(f) = -132*f - 249. Give l(-2).
15
Let p(z) = 167*z + 12372. What is p(-74)?
14
Let s(k) = 97*k - 399. What is s(4)?
-11
Let u(b) = -b**2 + 11*b - 21. Give u(2).
-3
Let y(p) = -2072*p - 1799. What is y(-1)?
273
Let o(r) = r**3 + 198*r**2 + 197*r - 2. Give o(-197).
-2
Let n(y) = -36*y + 64. What is n(0)?
64
Let s(k) = 15*k**3 + 215*k**2 + 67*k - 39. What is s(-14)?
3
Let u(m) = -10*m + 169. Determine u(13).
39
Let l(j) = -762*j - 5339. What is l(-7)?
-5
Let f(v) = v**3 - 57*v**2 + 58*v - 120. Determine f(56).
-8
Let h(y) = 20*y - 19. Give h(2).
21
Let z(f) = -22*f + 2010. What is z(91)?
8
Let i(y) = -8*y**2 - 264*y + 7. What is i(-36)?
-857
Let u(p) = -p**2 + 324*p - 5502. Calculate u(306).
6
Let g(q) = q**3 + 9*q**2 - 24*q - 51. What is g(-11)?
-29
Let o(l) = 9*l**3 - 11*l**2 - 30*l - 4. Determine o(-3).
-256
Let t(o) = -46*o**2 + 433*o - 31. Determine t(9).
140
Let w(p) = -p**3 + 88*p**2 + 88*p + 79. Give w(89).
-10
Let y(d) = -d**3 + 52*d**2 - 93*d - 253. Give y(50).
97
Let r(u) = 313*u + 702. Give r(-2).
76
Let s(d) = d**2 + 15*d + 51. Determine s(-17).
85
Let b(k) = -3*k**3 - 6*k**2 + 12*k + 139. What is b(7)?
-1100
Let g(u) = -4*u**3 - 14*u**2 + 3*u + 25. What is g(-6)?
367
Let a(f) = 10*f**2 - 187*f + 93. What is a(18)?
-33
Let r(l) = l - 76. Determine r(46).
-30
Let k(v) = -2*v**3 + 22*v**2 - 50*v + 34. Give k(11).
-516
Let o(h) = 35*h**2 + 173*h - 28. Give o(-7).
476
Let v(u) = -2*u**3 - 171*u**2 + 73*u + 13414. Calculate v(-85).
-16
Let q(v) = 2*v**2 - 109*v - 2337. Give q(71).
6
Let b(o) = -o**3 - 16*o**2 + 117*o + 1492. Calculate b(-18).
34
Let r(t) = 2*t**3 - 7*t**2 - 33*t + 6. Give r(6).
-12
Let i(y) = -9*y**2 + 1162*y + 1045. Give i(130).
5
Let a(n) = n**3 + 21*n**2 + 47*n + 50. Calculate a(-19).
-121
Let l(x) = x**3 + 10*x**2 - 29*x + 139. Calculate l(-13).
9
Let a(w) = -4*w + 94. What is a(9)?
58
Let g(m) = 4*m**2 - 19*m - 544. Give g(14).
-26
Let w(v) = -108*v + 7016. Determine w(65).
-4
Let x(h) = -85*h + 453. Calculate x(5).
28
Let b(a) = 67*a + 33. Calculate b(0).
33
Let j(y) = -740*y - 744. Determine j(-1).
-4
Let l(y) = 275*y + 13225. Determine l(-48).
25
Let h(i) = -26*i - 1200. Give h(-46).
-4
Let y(v) = 2*v**3 + 16*v**2 - 21*v + 5. What is y(-9)?
32
Let g(m) = -8*m + 20. Determine g(6).
-28
Let p(m) = 83*m - 1398. Calculate p(19).
179
Let d(m) = 20*m**2 + 197*m - 34. Give d(-10).
-4
Let d(n) = n**3 + 40*n**2 + 88*n + 434. What is d(-38)?
-22
Let a(n) = -49*n**3 - 4*n**2 - 4*n + 7. What is a(1)?
-50
Let f(m) = -182*m + 3732. What is f(21)?
-90
Let a(i) = 3*i**3 + 57*i**2 - 26*i - 496. Calculate a(-19).
-2
Let p(n) = 198*n + 5. Calculate p(1).
203
Let r(y) = 4*y**2 + 8*y - 403. Determine r(-11).
-7
Let p(q) = 3*q**3 + 7*q**2 + 2*q - 3. Determine p(3).
147
Let m(n) = -16*n + 104. Calculate m(13).
-104
Let j(y) = -99*y**2 - 596*y - 5. Calculate j(-6).
7
Let u(i) = i**3 - 60*i**2 - 555*i + 735. Determine u(68).
-13
Let t(c) = -2*c**3 + 7*c**2 + 20*c + 93. Determine t(-4).
253
Let n(r) = r**2 - 8*r - 193. Give n(11).
-160
Let v(o) = -21*o**2 + 446*o - 118. What is v(21)?
-13
Let f(b) = -3*b**3 - 582*b**2 + 585*b + 22. Determine f(-195).
22
Let z(p) = 6*p**2 + 128*p - 14. Calculate z(-20).
-174
Let u(l) = -2*l**2 + 16*l + 2431. Give u(-31).
13
Let o(j) = 58*j + 247. Give o(0).
247
Let t(o) = 4*o**2 - 199*o + 586. Determine t(3).
25
Let d(x) = -3*x**2 + 22*x + 36. Determine d(-8).
-332
Let g(y) = -y**2 - 11*y + 35. Give g(4).
-25
Let m(y) = 1658*y - 1652. Give m(1).
6
Let g(r) = 4*r**2 - 40*r - 4524. What is g(39)?
0
Let s(v) = -v**2 - 6*v + 571. What is s(-27)?
4
Let d(w) = -w**2 + 102*w - 2543. Calculate d(51).
58
Let y(w) = -10*w - 873. What is y(-88)?
7
Let g(q) = q**3 - 9*q**2 - 4*q + 4. Calculate g(6).
-128
Let w(j) = -j**2 - 67*j + 1735. Calculate w(24).
-449
Let l(c) = -9*c - 201. What is l(-25)?
24
Let a(o) = -2823*o - 16968. What is a(-6)?
-30
Let a(f) = f**3 + 32*f**2 + 61*f - 30. Calculate a(-30).
-60
Let p(w) = 306*w - 4598. What is p(15)?
-8
Let r(g) = -365*g - 6927. Calculate r(-19).
8
Let v(m) = -204*m - 18781. Give v(-92).
-13
Let d(q) = -185*q + 56. Calculate d(-2).
426
Let r(l) = 2*l**3 + 40*l**2 + 128*l - 19. Give r(-15).
311
Let r(p) = -p**2 + 19*p - 20. Give r(1).
-2
Let p(a) = a**3 + 10*a**2 + 21*a - 27. What is p(-6)?
-9
Let c(p) = 9*p**2 - 5*p - 121. What is c(4)?
3
Let x(s) = s**3 + 16*s**2 - 1159*s - 59. What is x(27)?
-5
Let u(c) = -5191*c - 67479. Determine u(-13).
4
Let r(w) = w**2 + 580*w - 74310. Calculate r(108).
-6
Let k(t) = 2*t**3 - 36*t**2 - 179*t + 54. Give k(22).
-12
Let d(o) = 5*o**3 + 10*o**2 + o - 3. Give d(-5).
-383
Let c(k) = -3*k**2 + 44*k + 180. Calculate c(18).
0
Let c(x) = 98*x - 1768. Calculate c(18).
-4
Let m(x) = x**2 + 33*x - 254. What is m(-42)?
124
Let k(v) = 5*v**3 + 20*v**2 - 2*v - 12. Give k(-4).
-4
Let a(v) = 6*v**2 + 86*v + 306. Give a(-5).
26
Let k(n) = -n**3 + 40*n**2 + 41*n + 8. What is k(41)?
8
Let j(h) = 18*h + 24. Calculate j(6).
132
Let a(m) = -2*m**3 + 197*m**2 + 215*m - 11490. Calculate a(99).
-6
Let u(j) = -j**3 + j**2 + 6*j + 15. What is u(0)?
15
Let p(y) = -45*y**2 - 1098*y - 1098. Give p(-1).
-45
Let r(j) = 227*j + 598. Calculate r(-4).
-310
Let p(o) = -o**3 - 10*o**2 - 8*o - 27. Calculate p(-10).
53
Let w(g) = g**3 + 12*g**2 + 44*g + 743. Determine w(-13).
2
Let g(t) = 890*t - 58728. What is g(66)?
12
Let d(v) = v**3 - 2*v**2 - 21*v + 62. Give d(4).
10
Let f(q) = 8566*q - 85666. Calculate f(10).
-6
Let v(o) = -16*o**2 - 55*o. Determine v(-5).
-125
Let f(w) = 13013*w + 143141. Calculate f(-11).
-2
Let v(g) = 154*g - 2890. Give v(20).
190
Let s(l) = -19*l - 458. Give s(-21).
-59
Let w(d) = 20*d - 145. Determine w(3).
-85
Let d(c) = 327*c + 989. Determine d(-3).
8
Let u(x) = -x**3 - 116*x**2 + 248*x + 1421. What is u(-118)?
5
Let l(b) = -114*b + 587. Calculate l(5).
17
Let s(w) = 3*w**2 - 214*w - 664. What is s(-3)?
5
Let u(b) = -b**2 + 1051*b - 22634. Determine u(22).
4
Let k(q) = -6*q**3 + 2*q**2 - 4*q - 1. Determine k(-3).
191
Let o(p) = 23*p + 410. Give o(-19).
-27
Let k(n) = 13*n**2 + 344*n - 344. Calculate k(1).
13
Let f(c) = -3*c**2 - 25*c + 6. Determine f(-7).
34
Let h(i) = -5*i**2 + 407*i + 4554. Give h(-10).
-16
Let u(f) = 5289*